{"id":552,"date":"2020-06-04T18:05:56","date_gmt":"2020-06-04T16:05:56","guid":{"rendered":"http:\/\/sitaleon.fr\/faitmaison\/?page_id=552"},"modified":"2020-06-04T18:05:56","modified_gmt":"2020-06-04T16:05:56","slug":"le-clafoutu-du-leon","status":"publish","type":"page","link":"http:\/\/sitaleon.fr\/faitmaison\/le-clafoutu-du-leon\/","title":{"rendered":"Le clafoutu du Leon"},"content":{"rendered":"La famille d&rsquo;Aiton passe \u00e0 la maison avec une corbeille de cerises, celle de l&rsquo;arbre de leur jardin ! On en mange quelques-unes mais elles s&rsquo;abiment vite. Que faire ? Ce serait tellement dommage de les perdre ! Faisons un simple clafoutis rapide, bien s\u00fbr !<p><p>\r\n\r\n<strong><span style=\"color: #0000ff;\">Pr\u00e9paration (pr\u00e9paration + cuisson) :<\/span> <\/strong>une petite heure<br>\r\n<strong><span style=\"color: #0000ff;\">Niveau de difficult\u00e9 :<\/span> <\/strong>Facile<br>\r\n<span style=\"color: #0000ff;\"><strong>Co\u00fbt : <\/strong><\/span>Faible<br>\r\n\r\n\r\n<figure class=\"wp-block-table\">\r\n<table>\r\n<tbody>\r\n<tr>\r\n<td><strong>Les ingr\u00e9dients pour un clafoutis<\/strong><br>\r\n60 g de sucre<br>\r\n50 g de beurre<br>\r\n30 g de farine<br>\r\n25 cl de lait<br>\r\n4 \u0153ufs<br>\r\n1 sachet de sucre vanill\u00e9<br>\r\ndes cerises<\/td>\r\n<td><img loading=\"lazy\" class=\"alignnone size-medium wp-image-553\" src=\"http:\/\/sitaleon.fr\/faitmaison\/wp-content\/uploads\/2020\/06\/IMG_1403-225x300.jpg\" alt=\"\" width=\"225\" height=\"300\" srcset=\"http:\/\/sitaleon.fr\/faitmaison\/wp-content\/uploads\/2020\/06\/IMG_1403-225x300.jpg 225w, http:\/\/sitaleon.fr\/faitmaison\/wp-content\/uploads\/2020\/06\/IMG_1403-768x1024.jpg 768w, http:\/\/sitaleon.fr\/faitmaison\/wp-content\/uploads\/2020\/06\/IMG_1403-1152x1536.jpg 1152w, http:\/\/sitaleon.fr\/faitmaison\/wp-content\/uploads\/2020\/06\/IMG_1403-1536x2048.jpg 1536w, http:\/\/sitaleon.fr\/faitmaison\/wp-content\/uploads\/2020\/06\/IMG_1403-1320x1760.jpg 1320w, http:\/\/sitaleon.fr\/faitmaison\/wp-content\/uploads\/2020\/06\/IMG_1403-scaled.jpg 1920w\" sizes=\"(max-width: 225px) 100vw, 225px\" \/><\/td>\r\n<\/tr>\r\n<\/tbody>\r\n<\/table>\r\n<\/figure>\r\n<em>\u00a0<\/em>\r\n<h3><span style=\"color: #0000ff;\">La m\u00e9thode du L\u00e9on<\/span><\/h3>\r\nCe coup-ci, j&rsquo;ai commenc\u00e9 par un truc fastidieux. En effet, les cerises s&rsquo;abimaient et il a fallu les trier et j&rsquo;en ai profit\u00e9 pour les d\u00e9noyauter. A la main.<br>\r\nOn d\u00e9bute par un truc simple : on bat les \u0153ufs comme pour une omelette avec le sucre et la farine puis le lait et on m\u00e9lange. Il faut que ce soit bien d\u00e9lay\u00e9.<br>\r\nEnsuite, on ajoute les cerises dans ce m\u00e9lange que l&rsquo;on verse dans un plat \u00e0 tarte\u00a0 g\u00e9n\u00e9reusement beurr\u00e9.<br>\r\nEt enfin, on met tout ceci au four chaud pendant45 minutes \u00e0 180\u00b0C et on d\u00e9guste \ud83d\ude42\r\n\r\n<em><strong>\u00a0<\/strong><\/em>","protected":false},"excerpt":{"rendered":"<p>La famille d&rsquo;Aiton passe \u00e0 la maison avec une corbeille de cerises, celle de l&rsquo;arbre de leur jardin ! On en mange quelques-unes mais elles s&rsquo;abiment vite. Que faire ? Ce serait tellement dommage de les perdre ! Faisons un simple clafoutis rapide, bien s\u00fbr ! Pr\u00e9paration (pr\u00e9paration + cuisson) : une petite heure Niveau &hellip; <a href=\"http:\/\/sitaleon.fr\/faitmaison\/le-clafoutu-du-leon\/\" class=\"more-link\">Continuer la lecture de <span class=\"screen-reader-text\">Le clafoutu du Leon<\/span> <span class=\"meta-nav\">&rarr;<\/span><\/a><\/p>\n","protected":false},"author":1,"featured_media":0,"parent":0,"menu_order":0,"comment_status":"closed","ping_status":"closed","template":"","meta":[],"_links":{"self":[{"href":"http:\/\/sitaleon.fr\/faitmaison\/wp-json\/wp\/v2\/pages\/552"}],"collection":[{"href":"http:\/\/sitaleon.fr\/faitmaison\/wp-json\/wp\/v2\/pages"}],"about":[{"href":"http:\/\/sitaleon.fr\/faitmaison\/wp-json\/wp\/v2\/types\/page"}],"author":[{"embeddable":true,"href":"http:\/\/sitaleon.fr\/faitmaison\/wp-json\/wp\/v2\/users\/1"}],"replies":[{"embeddable":true,"href":"http:\/\/sitaleon.fr\/faitmaison\/wp-json\/wp\/v2\/comments?post=552"}],"version-history":[{"count":7,"href":"http:\/\/sitaleon.fr\/faitmaison\/wp-json\/wp\/v2\/pages\/552\/revisions"}],"predecessor-version":[{"id":560,"href":"http:\/\/sitaleon.fr\/faitmaison\/wp-json\/wp\/v2\/pages\/552\/revisions\/560"}],"wp:attachment":[{"href":"http:\/\/sitaleon.fr\/faitmaison\/wp-json\/wp\/v2\/media?parent=552"}],"curies":[{"name":"wp","href":"https:\/\/api.w.org\/{rel}","templated":true}]}}