{"id":548,"date":"2020-05-13T16:45:12","date_gmt":"2020-05-13T14:45:12","guid":{"rendered":"http:\/\/sitaleon.fr\/faitmaison\/?page_id=548"},"modified":"2020-05-13T16:45:12","modified_gmt":"2020-05-13T14:45:12","slug":"creme-brulee-vite-faite","status":"publish","type":"page","link":"http:\/\/sitaleon.fr\/faitmaison\/creme-brulee-vite-faite\/","title":{"rendered":"Cr\u00e8me brul\u00e9e vite faite"},"content":{"rendered":"<p>Ben oui, il restait plusieurs jaune d\u2019\u0153ufs, qu&rsquo;en faire ? Les jeter ? Que nenni, mon bon, on va en faire un cr\u00e8me brul\u00e9e ! Oui mais un truc simple, hum ?<\/p>\n<p><span style=\"color: #0000ff;\"><strong>Pr\u00e9paration (pr\u00e9paration + cuisson)\u00a0:<\/strong> <\/span>une petite heure<br \/>\n<span style=\"color: #0000ff;\"><strong>Niveau de difficult\u00e9\u00a0:<\/strong> <\/span>Facile<br \/>\n<strong><span style=\"color: #0000ff;\">Co\u00fbt :<\/span> <\/strong>Bon march\u00e9<\/p>\n<table>\n<tbody>\n<tr>\n<td width=\"312\">3 jaune d\u2019\u0153ufs<br \/>\n10 cl de lait entier<br \/>\n2 sachets de sucre vanill\u00e9<br \/>\ndu sucre en poudre<\/td>\n<td style=\"text-align: center;\" width=\"338\"><em><strong>Pas eu le temps de faire une photo !<\/strong> <\/em><\/td>\n<\/tr>\n<\/tbody>\n<\/table>\n<h3><span style=\"color: #0000ff;\">La m\u00e9thode du L\u00e9on<\/span><\/h3>\n<p>Dans un grand bol ou une casserole, on m\u00e9lange le tout, \u00e0 savoir les jaunes d\u2019\u0153ufs, le lait, le sucre vanill\u00e9. On peut aussi y ajouter ce que vous aimez pour parfumer la cr\u00e8me comme un tout petit peu d&rsquo;Amaretto (n&rsquo;est-ce pas Yves) ou de la fleur d&rsquo;oranger ou tout autre produit \u00e0 votre guise, mon cher Duc.<\/p>\n<p>On remplit les petits ramequins et on enfourne pendant 45 minutes \u00e0 120\u00b0C soit thermostat 4.<\/p>\n<p>On termine la pr\u00e9sentation par un saupoudrage de sucre en poudre (de canne, hum !) et on passe quelques minutes au grill.<\/p>\n<p>Avec une<\/p>\n<p><strong>\u00a0<\/strong><\/p>\n<p>&nbsp;<\/p>\n<p><strong>\u00a0<\/strong><\/p>\n","protected":false},"excerpt":{"rendered":"<p>Ben oui, il restait plusieurs jaune d\u2019\u0153ufs, qu&rsquo;en faire ? Les jeter ? Que nenni, mon bon, on va en faire un cr\u00e8me brul\u00e9e ! Oui mais un truc simple, hum ? Pr\u00e9paration (pr\u00e9paration + cuisson)\u00a0: une petite heure Niveau de difficult\u00e9\u00a0: Facile Co\u00fbt : Bon march\u00e9 3 jaune d\u2019\u0153ufs 10 cl de lait entier &hellip; <a href=\"http:\/\/sitaleon.fr\/faitmaison\/creme-brulee-vite-faite\/\" class=\"more-link\">Continuer la lecture de <span class=\"screen-reader-text\">Cr\u00e8me brul\u00e9e vite faite<\/span> <span class=\"meta-nav\">&rarr;<\/span><\/a><\/p>\n","protected":false},"author":1,"featured_media":0,"parent":0,"menu_order":0,"comment_status":"closed","ping_status":"closed","template":"","meta":[],"_links":{"self":[{"href":"http:\/\/sitaleon.fr\/faitmaison\/wp-json\/wp\/v2\/pages\/548"}],"collection":[{"href":"http:\/\/sitaleon.fr\/faitmaison\/wp-json\/wp\/v2\/pages"}],"about":[{"href":"http:\/\/sitaleon.fr\/faitmaison\/wp-json\/wp\/v2\/types\/page"}],"author":[{"embeddable":true,"href":"http:\/\/sitaleon.fr\/faitmaison\/wp-json\/wp\/v2\/users\/1"}],"replies":[{"embeddable":true,"href":"http:\/\/sitaleon.fr\/faitmaison\/wp-json\/wp\/v2\/comments?post=548"}],"version-history":[{"count":1,"href":"http:\/\/sitaleon.fr\/faitmaison\/wp-json\/wp\/v2\/pages\/548\/revisions"}],"predecessor-version":[{"id":549,"href":"http:\/\/sitaleon.fr\/faitmaison\/wp-json\/wp\/v2\/pages\/548\/revisions\/549"}],"wp:attachment":[{"href":"http:\/\/sitaleon.fr\/faitmaison\/wp-json\/wp\/v2\/media?parent=548"}],"curies":[{"name":"wp","href":"https:\/\/api.w.org\/{rel}","templated":true}]}}