{"id":481,"date":"2020-04-10T14:26:01","date_gmt":"2020-04-10T13:26:01","guid":{"rendered":"http:\/\/sitaleon.fr\/faitmaison\/?page_id=481"},"modified":"2020-04-24T11:43:36","modified_gmt":"2020-04-24T10:43:36","slug":"celeri-remoulade","status":"publish","type":"page","link":"http:\/\/sitaleon.fr\/faitmaison\/celeri-remoulade\/","title":{"rendered":"C\u00e9leri r\u00e9moulade"},"content":{"rendered":"<p>Une entr\u00e9e typiquement fran\u00e7aise mais en deux versions : une version traditionnelle et une version&#8230; diff\u00e9rente mais qu&rsquo;Isa et moi trouvons meilleure. Alors, \u00e0 vous de choisir !<\/p>\r\n<p><span style=\"color: #0000ff;\"><strong>Pr\u00e9paration (pr\u00e9paration + cuisson) : <\/strong><\/span>une quinzaine de minutes <br \/><span style=\"color: #0000ff;\"><strong>Niveau de difficult\u00e9 : <\/strong><\/span>Facile <br \/><span style=\"color: #0000ff;\"><strong>Co\u00fbt : <\/strong><\/span>Faible <\/p>\r\n<figure class=\"wp-block-table\">\r\n<table>\r\n<tbody>\r\n<tr>\r\n<td><strong>Les ingr\u00e9dients pour 8 personnes<\/strong> <br \/>un c\u00e9leri rave (la boule) <br \/>de la moutarde forte <br \/>de la cr\u00e8me fraiche \u00e9paisse<br \/>du vinaigre de vin <br \/>du Tabasco <br \/>le jus d&rsquo;un gros citron <br \/>du sel et du poivre<\/td>\r\n<td><img loading=\"lazy\" class=\"alignnone size-medium wp-image-483\" src=\"http:\/\/sitaleon.fr\/faitmaison\/wp-content\/uploads\/2020\/04\/IMG_1351-225x300.jpg\" alt=\"\" width=\"225\" height=\"300\" srcset=\"http:\/\/sitaleon.fr\/faitmaison\/wp-content\/uploads\/2020\/04\/IMG_1351-225x300.jpg 225w, http:\/\/sitaleon.fr\/faitmaison\/wp-content\/uploads\/2020\/04\/IMG_1351-768x1024.jpg 768w, http:\/\/sitaleon.fr\/faitmaison\/wp-content\/uploads\/2020\/04\/IMG_1351-1152x1536.jpg 1152w, http:\/\/sitaleon.fr\/faitmaison\/wp-content\/uploads\/2020\/04\/IMG_1351-1536x2048.jpg 1536w, http:\/\/sitaleon.fr\/faitmaison\/wp-content\/uploads\/2020\/04\/IMG_1351-scaled.jpg 1920w\" sizes=\"(max-width: 225px) 100vw, 225px\" \/><\/td>\r\n<\/tr>\r\n<\/tbody>\r\n<\/table>\r\n<\/figure>\r\n<p><em>\u00a0<\/em><\/p>\r\n<h3><span style=\"color: #0000ff;\">La m\u00e9thode du L\u00e9on<\/span><\/h3>\r\n<p>D\u00e9j\u00e0, il faut r\u00e2pez la boule de c\u00e9leri et pour cela, on retire l&rsquo;ext\u00e9rieur avec un grand couteau jusqu&rsquo;\u00e0 faire appara\u00eetre le blanc.<\/p>\r\n<p>Ensuite, la m\u00e9thode facile est utiliser un robot avec l&rsquo;outil pour les carottes r\u00e2p\u00e9es. On ajoute un jus de citron dans le saladier puis on m\u00e9lange bien le tout, ceci permet au c\u00e9leri de rester blanc, sinon il s&rsquo;oxyde et devient noir, ce qui serait dommage.<\/p>\r\n<p>Ensuite, on a le choix. L\u00e0, j&rsquo;ai fait deux pr\u00e9parations diff\u00e9rentes histoire de tester.<\/p>\r\n<ul>\r\n<li>Le plat du bas sur la photo est le c\u00e9leri r\u00e9moulade classique, \u00e0 la mayonnaise. C&rsquo;est hyper simple. On fait une mayonnaise classique et on ajoute dans le plat du c\u00e9leri r\u00e2p\u00e9 environ trois cuill\u00e8res \u00e0 soupe de mayo et on m\u00e9lange. C&rsquo;est tout !<\/li>\r\n<li>Le plat de la photo du haut est un peu plus \u00e9labor\u00e9 et <strong>sacr\u00e9ment meilleure<\/strong>. Dans un grand bol ou un petit saladier, on met environ 50 cl de cr\u00e8me fraiche liquide, une cuill\u00e8re \u00e0 caf\u00e9 de moutarde forte, une pinc\u00e9e de sel, de poivre, un petit peu de vinaigre de X\u00e9r\u00e8s. On s&rsquo;excite sur un fouet, histoire de faire \u00e9paissir la cr\u00e8me. On verse un peu de cette pr\u00e9paration dans le saladier de c\u00e9leri et on m\u00e9lange. On ajoute petit \u00e0 petit la pr\u00e9paration jusqu&rsquo;\u00e0 obtenir un ensemble homog\u00e8ne.<\/li>\r\n<\/ul>\r\n<p>Et enfin, on met tout ceci au frigo pendant deux ou trois heures et on d\u00e9guste \ud83d\ude42<\/p>\r\n<p><span style=\"color: #0000ff;\"><em><strong>Variantes :<\/strong> <\/em><\/span>On peut ajouter du persil plat, de la noix de muscade r\u00e2p\u00e9e, de l&rsquo;estragon, de la ciboulette fraiche, au choix. <br \/>En terme de pr\u00e9sentation, un \u0153uf dur coup\u00e9 en deux ou en quatre (et pourquoi pas en accompagnement d\u2019\u0153ufs mimosa), des tomates cerises pour donner de la couleur, on a le choix l\u00e0 aussi ! <em>\u00a0<\/em><\/p>","protected":false},"excerpt":{"rendered":"<p>Une entr\u00e9e typiquement fran\u00e7aise mais en deux versions : une version traditionnelle et une version&#8230; diff\u00e9rente mais qu&rsquo;Isa et moi trouvons meilleure. Alors, \u00e0 vous de choisir ! Pr\u00e9paration (pr\u00e9paration + cuisson) : une quinzaine de minutes Niveau de difficult\u00e9 : Facile Co\u00fbt : Faible Les ingr\u00e9dients pour 8 personnes un c\u00e9leri rave (la boule) &hellip; <a href=\"http:\/\/sitaleon.fr\/faitmaison\/celeri-remoulade\/\" class=\"more-link\">Continuer la lecture de <span class=\"screen-reader-text\">C\u00e9leri r\u00e9moulade<\/span> <span class=\"meta-nav\">&rarr;<\/span><\/a><\/p>\n","protected":false},"author":1,"featured_media":0,"parent":0,"menu_order":0,"comment_status":"closed","ping_status":"closed","template":"","meta":[],"_links":{"self":[{"href":"http:\/\/sitaleon.fr\/faitmaison\/wp-json\/wp\/v2\/pages\/481"}],"collection":[{"href":"http:\/\/sitaleon.fr\/faitmaison\/wp-json\/wp\/v2\/pages"}],"about":[{"href":"http:\/\/sitaleon.fr\/faitmaison\/wp-json\/wp\/v2\/types\/page"}],"author":[{"embeddable":true,"href":"http:\/\/sitaleon.fr\/faitmaison\/wp-json\/wp\/v2\/users\/1"}],"replies":[{"embeddable":true,"href":"http:\/\/sitaleon.fr\/faitmaison\/wp-json\/wp\/v2\/comments?post=481"}],"version-history":[{"count":18,"href":"http:\/\/sitaleon.fr\/faitmaison\/wp-json\/wp\/v2\/pages\/481\/revisions"}],"predecessor-version":[{"id":495,"href":"http:\/\/sitaleon.fr\/faitmaison\/wp-json\/wp\/v2\/pages\/481\/revisions\/495"}],"wp:attachment":[{"href":"http:\/\/sitaleon.fr\/faitmaison\/wp-json\/wp\/v2\/media?parent=481"}],"curies":[{"name":"wp","href":"https:\/\/api.w.org\/{rel}","templated":true}]}}