{"id":362,"date":"2018-11-01T18:06:08","date_gmt":"2018-11-01T17:06:08","guid":{"rendered":"http:\/\/sitaleon.fr\/faitmaison\/?page_id=362"},"modified":"2018-11-01T18:06:39","modified_gmt":"2018-11-01T17:06:39","slug":"la-raie-au-beurre-noir","status":"publish","type":"page","link":"http:\/\/sitaleon.fr\/faitmaison\/la-raie-au-beurre-noir\/","title":{"rendered":"La raie au beurre noir"},"content":{"rendered":"<p>On croit que c&rsquo;est gras, mais pas du tout ! Et puis le gras, c\u2019est le gout&#8230;<\/p>\n<p><span style=\"color: #0000ff;\"><strong>Pr\u00e9paration (pr\u00e9paration + cuisson)\u00a0:<\/strong> <\/span>un quart d\u2019heure tout compris<br \/>\n<span style=\"color: #0000ff;\"><strong>Niveau de difficult\u00e9\u00a0: <\/strong><\/span>Facile<br \/>\n<strong><span style=\"color: #0000ff;\">Cout :<\/span> <\/strong>pas cher<\/p>\n<table>\n<tbody>\n<tr>\n<td width=\"312\">Ailes de raie<br \/>\nbeurre<br \/>\nvinaigre de vin<br \/>\nc\u00e2pres<br \/>\nsel, poivre, persil<\/td>\n<td width=\"338\"><\/td>\n<\/tr>\n<\/tbody>\n<\/table>\n<h3>La m\u00e9thode du L\u00e9on<\/h3>\n<p>Faire fondre du beurre dans une po\u00eale pour cuire les ailes de raie de chaque cot\u00e9. Il faut qu&rsquo;elles soient joliment dor\u00e9es.<br \/>\n\u00c9videmment, pour faire une raie au beurre noir, il faut faire un beurre noir. C&rsquo;est tout simple ! Il faut laisser fondre le beurre dans une po\u00eale jusqu&rsquo;\u00e0 ce qu&rsquo;il prenne une belle couleur dor\u00e9e et surtout pas noire ! Le beurre\u00a0 doit \u00eatre color\u00e9, pas brul\u00e9 ! On y ajoute d\u00e9licatement 3 cuill\u00e8res \u00e0 soupe de vinaigre puis les c\u00e2pres. On laisse mijoter doucement une ou deux minutes, c&rsquo;est tout !<br \/>\nOn sert les raies saupoudr\u00e9es de persil hach\u00e9 avec des pommes de terre \u00e0 la vapeur ou du riz, on pr\u00e9sente le beurre noir dans une sauci\u00e8re et on d\u00e9core avec une rondelle de citron.<\/p>\n<p><strong><em>Et maintenant, \u00e0 table ! <\/em><\/strong><\/p>\n<p>&nbsp;<\/p>\n","protected":false},"excerpt":{"rendered":"<p>On croit que c&rsquo;est gras, mais pas du tout ! Et puis le gras, c\u2019est le gout&#8230; Pr\u00e9paration (pr\u00e9paration + cuisson)\u00a0: un quart d\u2019heure tout compris Niveau de difficult\u00e9\u00a0: Facile Cout : pas cher Ailes de raie beurre vinaigre de vin c\u00e2pres sel, poivre, persil La m\u00e9thode du L\u00e9on Faire fondre du beurre dans une &hellip; <a href=\"http:\/\/sitaleon.fr\/faitmaison\/la-raie-au-beurre-noir\/\" class=\"more-link\">Continuer la lecture de <span class=\"screen-reader-text\">La raie au beurre noir<\/span> <span class=\"meta-nav\">&rarr;<\/span><\/a><\/p>\n","protected":false},"author":1,"featured_media":0,"parent":0,"menu_order":0,"comment_status":"closed","ping_status":"closed","template":"","meta":[],"_links":{"self":[{"href":"http:\/\/sitaleon.fr\/faitmaison\/wp-json\/wp\/v2\/pages\/362"}],"collection":[{"href":"http:\/\/sitaleon.fr\/faitmaison\/wp-json\/wp\/v2\/pages"}],"about":[{"href":"http:\/\/sitaleon.fr\/faitmaison\/wp-json\/wp\/v2\/types\/page"}],"author":[{"embeddable":true,"href":"http:\/\/sitaleon.fr\/faitmaison\/wp-json\/wp\/v2\/users\/1"}],"replies":[{"embeddable":true,"href":"http:\/\/sitaleon.fr\/faitmaison\/wp-json\/wp\/v2\/comments?post=362"}],"version-history":[{"count":2,"href":"http:\/\/sitaleon.fr\/faitmaison\/wp-json\/wp\/v2\/pages\/362\/revisions"}],"predecessor-version":[{"id":365,"href":"http:\/\/sitaleon.fr\/faitmaison\/wp-json\/wp\/v2\/pages\/362\/revisions\/365"}],"wp:attachment":[{"href":"http:\/\/sitaleon.fr\/faitmaison\/wp-json\/wp\/v2\/media?parent=362"}],"curies":[{"name":"wp","href":"https:\/\/api.w.org\/{rel}","templated":true}]}}