{"id":294,"date":"2018-04-01T16:50:08","date_gmt":"2018-04-01T15:50:08","guid":{"rendered":"http:\/\/sitaleon.fr\/faitmaison\/?page_id=294"},"modified":"2018-04-01T16:50:08","modified_gmt":"2018-04-01T15:50:08","slug":"astuces-diverses","status":"publish","type":"page","link":"http:\/\/sitaleon.fr\/faitmaison\/accueil\/les-basiques\/astuces-diverses\/","title":{"rendered":"Astuces diverses"},"content":{"rendered":"<p>Si vous \u00eates fatigu\u00e9(e) de faire bouillir de l&rsquo;eau pour\u00a0 pr\u00e9parer des p\u00e2tes, faites bouillir quelques litres en d\u00e9but de semaine puis mettez-les au cong\u00e9lateur pour une utilisation ult\u00e9rieure.<\/p>\n<p>\/Leon &#8211; 01\/04\/2018<\/p>\n<p>&nbsp;<\/p>\n","protected":false},"excerpt":{"rendered":"<p>Si vous \u00eates fatigu\u00e9(e) de faire bouillir de l&rsquo;eau pour\u00a0 pr\u00e9parer des p\u00e2tes, faites bouillir quelques litres en d\u00e9but de semaine puis mettez-les au cong\u00e9lateur pour une utilisation ult\u00e9rieure. \/Leon &#8211; 01\/04\/2018 &nbsp;<\/p>\n","protected":false},"author":1,"featured_media":0,"parent":252,"menu_order":0,"comment_status":"closed","ping_status":"closed","template":"","meta":[],"_links":{"self":[{"href":"http:\/\/sitaleon.fr\/faitmaison\/wp-json\/wp\/v2\/pages\/294"}],"collection":[{"href":"http:\/\/sitaleon.fr\/faitmaison\/wp-json\/wp\/v2\/pages"}],"about":[{"href":"http:\/\/sitaleon.fr\/faitmaison\/wp-json\/wp\/v2\/types\/page"}],"author":[{"embeddable":true,"href":"http:\/\/sitaleon.fr\/faitmaison\/wp-json\/wp\/v2\/users\/1"}],"replies":[{"embeddable":true,"href":"http:\/\/sitaleon.fr\/faitmaison\/wp-json\/wp\/v2\/comments?post=294"}],"version-history":[{"count":3,"href":"http:\/\/sitaleon.fr\/faitmaison\/wp-json\/wp\/v2\/pages\/294\/revisions"}],"predecessor-version":[{"id":297,"href":"http:\/\/sitaleon.fr\/faitmaison\/wp-json\/wp\/v2\/pages\/294\/revisions\/297"}],"up":[{"embeddable":true,"href":"http:\/\/sitaleon.fr\/faitmaison\/wp-json\/wp\/v2\/pages\/252"}],"wp:attachment":[{"href":"http:\/\/sitaleon.fr\/faitmaison\/wp-json\/wp\/v2\/media?parent=294"}],"curies":[{"name":"wp","href":"https:\/\/api.w.org\/{rel}","templated":true}]}}